+ 4. Suppose 3*o + 3 = -3*r, -2*o - 5*r - 21 + 7 = 0. Suppose 0*i + 3*i = -2*x + 20, 6 = o*i. What are the prime factors of f(x)?
2
Let n be (-5 - -6)/((-3)/9). What are the prime factors of 59/(3*n/(-9))?
59
List the prime factors of (-10*(-666)/16)/(4/16).
3, 5, 37
Let p = -1529 + 3920. List the prime factors of p.
3, 797
Suppose 6*u - 7*u + 6 = 0. Suppose u*l - 9*l = -81. List the prime factors of l.
3
Let p be (-3)/9 - 51/9. Let v be p/(1 - 10/4). What are the prime factors of (-86)/(-14) - v/28?
2, 3
Let o(s) = 78*s + 709. What are the prime factors of o(30)?
3049
List the prime factors of ((-5700)/(-34))/3 + 46/391.
2, 7
Let f(l) = -2 + 1 + 3 - 16*l - 38*l. List the prime factors of f(-2).
2, 5, 11
Let d = 1051 + -619. What are the prime factors of d?
2, 3
Let m(o) = -o**2 + 89*o - 48. What are the prime factors of m(45)?
2, 3, 7, 23
Suppose 3*l - 41 = 4*b - 591, l + 410 = 3*b. Suppose 3*i = i + b. What are the prime factors of i?
2, 17
Let j = 76 + 203. Suppose 2*m = -2*m - 5*a + j, 0 = 2*a + 10. List the prime factors of m.
2, 19
Let h(d) = -12*d + 1. Let m be h(-7). List the prime factors of (4 - 1)*m/5.
3, 17
Suppose 4*v - 3471 = -y, 7*v = 5*v - 3*y + 1723. What are the prime factors of v?
11, 79
List the prime factors of (14 - (3 - 0))/((-5)/(-170)).
2, 11, 17
What are the prime factors of (12 - 9)/(0 - (-6)/190)?
5, 19
Let x = -51 - -72. Let b = 35 - x. Let v = b - 8. List the prime factors of v.
2, 3
What are the prime factors of 8217/21 - (7 + (-141)/21)?
17, 23
Let r(d) = 81*d**2 - 38*d + 165. What are the prime factors of r(4)?
7, 11, 17
Let n(m) be the first derivative of -17*m**3/3 + 2*m**2 + m + 5. Let q(u) = 17*u**2 - 5*u - 1. Let i(d) = -5*n(d) - 4*q(d). What are the prime factors of i(1)?
2
Let s(o) = -o**3 + 7*o**2 - 9*o + 17. Let g(l) = l**3 - 8*l**2 + 10*l - 18. Let m(c) = -4*g(c) - 3*s(c). List the prime factors of m(9).
2, 3, 11
Let y(f) = -5*f + 2. Let a(n) be the first derivative of n + 7. Let b(r) = -4*a(r) - y(r). What are the prime factors of b(9)?
3, 13
Suppose 40 = -4*t - 5*f, 4*f = -4*t + 3*f - 24. Let x be t*(-2 + 3 + 1). Let y(a) = -3*a + 4. List the prime factors of y(x).
2, 17
Let j(a) be the third derivative of a**5/30 + 5*a**4/24 - 2*a**3/3 + 3*a**2. Suppose -20 = 8*f + 12. What are the prime factors of j(f)?
2
Suppose -18*k + 20*k + 4*r - 2628 = 0, 5*k - 6630 = 2*r. List the prime factors of k.
2, 331
Suppose -241*m + 235*m = -10518. What are the prime factors of m?
1753
Let c = 18 + -15. Suppose 2*o - 3*o + 189 = -5*a, -667 = -c*o - 5*a. List the prime factors of o.
2, 107
Let t = 29 - 12. Suppose 0 = t*w - 14*w - 60. List the prime factors of w.
2, 5
Suppose 0 = -7*b - 212 + 597. Suppose 41 = o - b. What are the prime factors of o?
2, 3
Let c = 2890 - 1374. List the prime factors of c.
2, 379
List the prime factors of -2*((-66375)/18)/5.
5, 59
Suppose -4*d - 3*g + 1109 = 0, 3*d + 40 - 868 = -3*g. Suppose 2*w = -3*q + 5*w + 159, 0 = 5*q + 3*w - d. List the prime factors of q.
5, 11
Suppose 0 = -b + 10 + 3. Let t(f) = 6*f - 7. List the prime factors of t(b).
71
Suppose 3*f - 7456 = 4*x, -5*x = -14 + 4. List the prime factors of f.
2, 311
Suppose 0 + 2 = -2*n + 2*w, -4*n = 2*w + 10. List the prime factors of (165/22)/(n/(-52)).
3, 5, 13
Let n(t) = 10*t**2 - t + 4. List the prime factors of n(-6).
2, 5, 37
Let t = -74 - -2359. What are the prime factors of t?
5, 457
Suppose 4*w = -4*s + 1720, -5*s - 5*w + 2162 = -4*w. What are the prime factors of s?
433
Let i(r) = -r + 16. Let w be i(11). Suppose 5*g - 77 = -w*o - 7, 3*o + 54 = 5*g. List the prime factors of g.
2, 3
Let m(z) = 10*z - 25. Let w be m(5). Let h = 38 + w. List the prime factors of h.
3, 7
Suppose -10*i + 2*i = 944. Suppose 166 = -q + 2*q. Let n = q + i. What are the prime factors of n?
2, 3
Let h(p) = -475*p - 883. List the prime factors of h(-16).
3, 2239
List the prime factors of ((-132)/154)/(1*(-2)/2758).
2, 3, 197
Let n = 2496 - -2879. What are the prime factors of n?
5, 43
Let o(d) = 3*d + 13. Let t be o(-3). Suppose 77 = w + 2*z, w = -3*w + t*z + 260. What are the prime factors of w?
3, 23
Suppose -12*k = 4*k - 7200. List the prime factors of k.
2, 3, 5
Suppose -1476 = -7*t + 3*t. Suppose -2*h = h - t. List the prime factors of h.
3, 41
Suppose 2*m = 15 + 5. Let f be (m/(-4))/((-11)/22). Suppose -6*c = -5*c - f. List the prime factors of c.
5
Let b(f) = -f**3 - 11*f**2 - 13*f - 15. Suppose -g = 4*n - 8*n - 31, n - 3*g + 5 = 0. Let t be (-1)/(-4) + 82/n. List the prime factors of b(t).
3, 5
Let k(g) = 9*g**2 - 13*g - 3. Let z = -13 + 11. Let y(x) = -4*x**2 + 7*x + 1. Let c(f) = z*k(f) - 5*y(f). What are the prime factors of c(7)?
2, 3
Let z(d) = d**2 + 3*d + 3. Let a(c) = -c**3 + 8*c**2 - 8*c - 4. Let n be a(7). Let p(q) = q + 7. Let x be p(n). List the prime factors of z(x).
7
Suppose -k + 476 = -8*k. Suppose -116 = 3*o - 2*r - 2*r, 8 = -2*r. Let f = o - k. List the prime factors of f.
2, 3
Let v be 0 + 9/(-6)*166/(-3). Let w = v - 54. List the prime factors of w.
29
Let g = 500 - -358. What are the prime factors of g?
2, 3, 11, 13
Let q(k) = -k**2 - k + 124. Let j be q(0). Suppose 3 = -3*f, j = 2*s - 4*f - 40. What are the prime factors of s?
2, 5
Suppose 5*x + 20 = -5*t, 2*x - 3*x - 2 = 0. List the prime factors of 93 + t + (0 - -1).
2, 23
Let k(v) = -v**3 - 11*v**2 - 10*v. Let c be k(-10). Suppose c*m + 1 = -m. List the prime factors of (m + (2 - -18))/1.
19
Let t = -25 - -25. Suppose t*f + f = 110. List the prime factors of f.
2, 5, 11
Let o = 25 - 10. Suppose -o*i + 1239 = -2316. What are the prime factors of i?
3, 79
Suppose 0 = -o - 5*q + 97, 0 = o - q - 88 - 3. List the prime factors of o.
2, 23
Let k = 47 - 44. Suppose 2*o - 2*n - 90 = 8, 0 = -n - k. What are the prime factors of o?
2, 23
Let m be 1/(-3)*288/(-3). Suppose -m + 260 = 3*o. What are the prime factors of o?
2, 19
Suppose -5*v - 19*d + 4227 = -18*d, -v + d + 849 = 0. What are the prime factors of v?
2, 3, 47
Suppose 0 = -4*j - 4*i + 796, -5*i - 796 = -4*j - 0*j. What are the prime factors of j?
199
Let q(f) = 4*f**3 - 10*f**2 + f + 5. Let o be q(4). Suppose 2*i - o - 17 = 0. List the prime factors of i.
61
Let k(a) = a**2 - 268. What are the prime factors of k(-37)?
3, 367
Let t = -1 - -1. Suppose 2*h = -t*h + 210. Suppose -2*c + h = 5*c. List the prime factors of c.
3, 5
Let m(k) = 7*k + 1. Suppose d + 0*y - 3*y = -20, -2*y = -6. Let z = d + 13. What are the prime factors of m(z)?
3, 5
Let n(d) = -d**2 + 25*d - 92. List the prime factors of n(7).
2, 17
Let y = 16 + -12. Suppose 10 = 2*z - 3*q - 0*q, y*q = -5*z + 48. Suppose -z = 2*s - 138. List the prime factors of s.
5, 13
List the prime factors of (-13179)/(-18) - 1/6.
2, 3, 61
Let b be ((-280)/(-98))/((-4)/(-14)). Suppose -b = -3*t + 8. Suppose t*d - 2*d = 92. What are the prime factors of d?
23
What are the prime factors of 26/52 - 6662/(-4)?
2, 7, 17
Let k = 53 - 53. Suppose -14*q + 10*q + 12 = k. What are the prime factors of q?
3
Suppose 5*a - 1576 = -6*k + 2*k, 5*a - 2*k - 1582 = 0. Suppose -a = -v + 5*s, 2*s + 2*s + 319 = v. What are the prime factors of v?
331
Let f(m) = 47*m - 4. Let r be f(3). Suppose 3*v - 49 = r. What are the prime factors of v?
2, 31
Let y = 1 - -17. Let r be (-1 + 4)*y/27. What are the prime factors of 47/r + 2/(-4)?
23
Let t = -170 - -212. List the prime factors of t + (4 - (-2 - -2)).
2, 23
Let r = -38 + 40. What are the prime factors of 1526/(-7)*r/4*-1?
109
Let k = -3 + 7. Let f be (k*1)/((-16)/(-120)). Let d = -10 + f. What are the prime factors of d?
2, 5
Let t be (-2 + (-9)/(-6))*0. Suppose t = 7*b - 4*b - 204. What are the prime factors of b?
2, 17
Suppose 357 = 2*f + 5*t, -98 = -2*f - 2*t + 256. List the prime factors of f.
2, 11
Let a(z) = -z**3 - 4*z**2 - 2*z - 2. Let l be a(-4). Let j be (-4*2)/(1 - (-20)/(-12)). What are the prime factors of 200/j + l/(-9)?
2
Let s = -34 + 95. Let x = s - -23. Suppose -x = -5*l + l. List the prime factors of l.
3, 7
Let w(b) = 3*b - 20. Let t(p) = 3*p - 19. Let v(s) = -3*t(s) + 2*w(s). Let r be v(-10). What are the prime factors of (-4)/(r/12 + -4)?
2, 3
Suppose -48*w + 23035 = 37*w. List the prime factors of w.
271
Suppose -32 = 5*k + 2*y - 269, 5*y = 5*k - 230. Suppose -2*t + k = -v + 17, -56 = -4*t + v. List the prime factors